+ 14 + y.
5, 181
Let s(h) = 3*h**2 + 23*h - 2. Let f be s(-8). Let i be (15 + -12)*1*422/f. Suppose -i = -5*c - 56. List the prime factors of c.
31
Let k(i) = i**2 + 2*i - 5. Let u be k(-4). Suppose -u*w + 295 = -8*w. Let c = w - -85. What are the prime factors of c?
2, 13
Suppose 85895 = 17*h - 78*h + 257671. What are the prime factors of h?
2, 11
Let m(g) = 4*g + 33. Let x be m(-8). Suppose 2*k + 13 + 11 = 5*u, 4*k - u = -30. What are the prime factors of 225 - (x - 6 - k)?
223
List the prime factors of (-685767)/(-265) - (-8)/(-10).
13, 199
Let u(y) = y**2 - y - 38. Let g be u(7). Suppose -7*p + g*p + 102 = 0. Suppose 6*i - p = 218. What are the prime factors of i?
2, 3, 7
Let i(u) be the first derivative of -4*u**2 - 61. What are the prime factors of i(-8)?
2
Let p(s) = -4*s**3 + 407*s**2 + 86*s - 269. What are the prime factors of p(101)?
2, 5, 1951
What are the prime factors of (-12214)/(-4) - (-11)/22?
2, 3, 509
Let y = -66 - -55. Let s(w) = 4*w**2 + 14*w + 29. List the prime factors of s(y).
359
Let i(o) = -3*o**2 + 14*o + 4. Let l be i(6). What are the prime factors of (5*(-1)/l)/(1/1244)?
311
Let m(g) = 6*g - 10. Let c(y) = -y + 1. Let j(r) = 5*c(r) + m(r). Let z be j(-5). List the prime factors of (2 - 866/(-10)) + (-4)/z.
89
Let v be (-18)/(-10)*(-5 + 0). Let z = v - -8. What are the prime factors of ((-21)/9)/(z/39)?
7, 13
Let s(o) = -o**2 - 17*o - 21. Let b be s(-19). Let r = b + 65. What are the prime factors of r/(-4) - (-1)/((-6)/(-873))?
2, 3
Suppose 0 = j - 5*r - 1771, -3*j - 5*r = 1327 - 6660. List the prime factors of j.
2, 3, 37
Suppose 0 = -4*o + 29 - 21. Suppose 2*l + 47 = 2*z + z, 0 = o*l + 8. Let w = z - -10. What are the prime factors of w?
23
Suppose a + 4*a + 60 = 5*f, -4*f + a + 60 = 0. Let y be (-12)/(-2) + -19 + 323/19. Let w = f - y. What are the prime factors of w?
2, 3
Suppose -2011048 + 660286 = -42*u. What are the prime factors of u?
29, 1109
Let k = -20152 + 46959. What are the prime factors of k?
11, 2437
Suppose -16 = -2*n + 5*a, 0 = -n + 4*a + 9 + 2. Suppose 3*x + 2*w = 253, x - 32 = -n*w + 57. List the prime factors of x.
83
What are the prime factors of (-9 - -17021)*342/76?
2, 3, 4253
Let q(m) = -2*m**3 - 18*m**2 + 17*m - 133. What are the prime factors of q(-16)?
11, 17
Let r = -5347 + 17771. What are the prime factors of r?
2, 1553
List the prime factors of (1128/(-20))/(41/(-7380)).
2, 3, 47
Let h(l) be the second derivative of l**4/12 + l**3 - 35*l**2 - 3*l + 2. List the prime factors of h(9).
5, 13
Suppose 33*a - 6*a - 235251 = 0. List the prime factors of a.
8713
Let m be 2/22 - (-48650)/154. Let p = m - 223. List the prime factors of p.
3, 31
Let l(s) = 119*s - 70. Let p be l(4). Suppose m + 539 = 4*y, -y - m + p = 2*y. What are the prime factors of y?
3, 5
Let x(z) = 2212*z**2 - 81*z + 164. What are the prime factors of x(2)?
2, 3, 5, 59
Let z(b) be the third derivative of 5*b**4/4 + 85*b**3/3 - 20*b**2. What are the prime factors of z(16)?
2, 5, 13
Suppose 0 = -413*x + 410*x + 1545. What are the prime factors of x?
5, 103
Let r(s) = -s**2 - 28*s + 24. Let b(w) = w**3 - 7*w**2 + 10*w - 21. Let j = 140 + -135. Let m be b(j). What are the prime factors of r(m)?
3, 19
Suppose -2*v - i = 63980 - 212979, 5*i = 12*v - 893917. List the prime factors of v.
2, 3, 97
List the prime factors of (-4)/(-20) - 26311580/(-475).
13, 4261
Let l(q) = q**2 - 4*q - 16. Let h be l(8). What are the prime factors of 8/h + 1586/4?
397
Suppose -28*x = -159 - 4601. List the prime factors of x + (-15)/5 - (-1 + 0).
2, 3, 7
Let y = -5860 - -14451. What are the prime factors of y?
11, 71
Let v = -682 - -677. List the prime factors of 1016 - (-1 - (4 - 6 - v)).
2, 3, 5, 17
Let j(w) = 734*w**2 - 6*w - 29. List the prime factors of j(4).
3, 433
Let n(w) = 79*w**2 - 24*w + 36. List the prime factors of n(-15).
3, 673
Let i(g) = -g**3 + 12*g**2 - 21*g + 13. Let d be i(10). Suppose -3*l - y + 594 = 0, -5*y - 594 = -0*l - d*l. What are the prime factors of l?
2, 3, 11
Suppose 2*b - 2 = 5*d + 15, b + 5*d = 1. Let m(r) = -3*r**2 + 3*r**2 + r**2 + 3*r - 1 - 17. List the prime factors of m(b).
2, 3
Let k(x) be the second derivative of 2/3*x**3 - 30*x - 25/2*x**2 + 0 + 1/12*x**4. List the prime factors of k(13).
2, 7
Let z = 71717 - 36491. What are the prime factors of z?
2, 3, 19, 103
Suppose 0 = -4*w - 2*r + 4794, 2*r + 2279 + 121 = 2*w. Let d = w + -473. What are the prime factors of d?
2, 3, 11
Suppose -4*b + 4*z + 183 = -289, 3*z + 12 = 0. Suppose -110*m + b*m = 764. List the prime factors of m.
191
Let r = 280 + -278. Suppose 2*q = 8, q + 3*q = r*h - 1296. List the prime factors of h.
2, 41
Let v be (0 - -10) + 9 + -13. Let r = v + -3. Let q(t) = t**3 + 2*t**2 - 8*t + 4. What are the prime factors of q(r)?
5
Let m(w) = -5*w + 66. Let k be m(7). Suppose 0 = k*b - 15291 - 2224. List the prime factors of b.
5, 113
List the prime factors of (161 + 3)/(26/39).
2, 3, 41
Let c = -254 - -530. Let j be (10/6)/(115/c). Let l(r) = 3*r**2 - 4*r + 4. List the prime factors of l(j).
2, 3
Let z = 1 + -6. Let q be (-444)/(-8) + z/10. Suppose 2*c + 2*o = 70, -2*o + 51 + q = 3*c. List the prime factors of c.
2, 3
Let n be (-55 + 2)/((-9 - -7)/(-2)). Let k(b) = 11*b**2 + 1. Let c be k(2). Let i = c - n. What are the prime factors of i?
2, 7
Let b(k) = -19*k**2 - 5*k + 70256. List the prime factors of b(0).
2, 4391
Suppose -2*x = -4*x + 2*t - 936, 4*x - t + 1875 = 0. Let z = x - -692. Let b = 317 - z. List the prime factors of b.
2, 47
Suppose -4*h = -x - 8*h + 12, -6 = 2*h. Suppose -x*m = -2996 - 1492. What are the prime factors of m?
11, 17
Let l(p) = -p**3 - 9*p**2 + 3*p - 2. Let r = 2 - -2. Let x(f) = f**3 - 4*f**2 - f - 6. Let j be x(r). What are the prime factors of l(j)?
2, 17
Let a = 5165 - -53209. What are the prime factors of a?
2, 3, 23, 47
Let t be ((-16)/(-20))/((-6)/15). Let w(h) = -17*h**3 + 2*h**2 + 3*h + 8. Let c be w(t). What are the prime factors of 9/6*4/(-3) + c?
2, 3
Let w = -262 - -286. List the prime factors of w/(-14)*(-1302)/12.
2, 3, 31
Let x be (3 - 0) + (-3738)/(-6). Suppose 5*u - 7*f + 8*f = 3185, -2*f - x = -u. What are the prime factors of u?
2, 3, 53
Let l(h) = 9*h + 8. Let g(o) = -19*o - 15. Let m(i) = 3*g(i) + 5*l(i). Let j be m(-1). List the prime factors of 0/(-1) - (-77)/j.
11
Let b(q) = -123*q - 37. List the prime factors of b(-16).
1931
Let v(j) = 432*j - 15225. What are the prime factors of v(61)?
3, 3709
Let q = 51 - 77. Suppose 33*r - 24 = 27*r. Let o = r - q. List the prime factors of o.
2, 3, 5
Let x(r) = -9*r - 49. Let s be x(-11). Suppose -10*v = -s - 30. What are the prime factors of (246/v)/((-69)/(-368))?
2, 41
Let d = 1102 - -630. Suppose 0 = -73*u + 77*u - d. List the prime factors of u.
433
Let v = 12642 + 28608. List the prime factors of v.
2, 3, 5, 11
Let b(j) = 761*j**3 + 66*j**2 - 206*j - 4. List the prime factors of b(3).
17, 71
Let b(s) = -s**3 + 2*s**2 + s + 1. Let h be b(2). Let w be 16/(-200) - (-1654)/50. Suppose 0 = -h*v + 2*o + 66, 4*v + w - 121 = o. List the prime factors of v.
2, 11
Suppose -6*z = -111366 - 81312. What are the prime factors of z?
17, 1889
Let d(f) = 438*f - 2804. List the prime factors of d(7).
2, 131
Let g be 3 - (-3 - (-13 + 3)). Let w(q) = 21*q + 5. Let h(j) = -10*j - 3. Let m(x) = 5*h(x) + 2*w(x). List the prime factors of m(g).
3
Suppose t = -a + 1314, -153*t + 5*a = -157*t + 5262. What are the prime factors of t?
2, 3, 109
Let a(p) = -1490*p + 3736. List the prime factors of a(-11).
2, 29, 347
Let g be (3342/(-15))/((6/(-3))/20). Suppose -a + 2234 = 5*p + a, 5*p = a + g. What are the prime factors of p?
2, 223
Suppose 216*h + 831 - 4071 = 0. Let t(n) = 2*n - n + 6*n - 22. What are the prime factors of t(h)?
83
Suppose 4 = -2*f + 14. Suppose 5*i + 4*n - 5*n + 76 = 0, 0 = 5*n - f. Let j = 13 - i. List the prime factors of j.
2, 7
Let l = -645 - -639. Let o(v) = -16*v - 24. What are the prime factors of o(l)?
2, 3
Let i(w) = -w**2 - 6*w - 2. Let k be i(12). Let y = k - -395. Let x = -81 + y. What are the prime factors of x?
2, 3
Let b = -56 + 108. Suppose -4*y + b = -0*y - 3*p, -2*y = 3*p - 8. Suppose -1580 - 100 = -y*m. List the prime factors of m.
2, 3, 7
Let r be -3 + 2 + 4/8*-302. Let t = 261 + r. What are the prime factors of t?
109
Let x be 1*(247 - -